{"id":25,"date":"2015-09-23T11:06:33","date_gmt":"2015-09-23T11:06:33","guid":{"rendered":"http:\/\/muszik.kisswebs.com\/?page_id=25"},"modified":"2025-03-15T19:08:24","modified_gmt":"2025-03-15T18:08:24","slug":"bemutatkozas","status":"publish","type":"page","link":"https:\/\/www.muzsik.hu\/index.php\/bemutatkozas\/","title":{"rendered":"Bemutatkoz\u00e1s"},"content":{"rendered":"<div class=\"wpb-content-wrapper\"><p>[vc_row bg_parallax=&#8221;off&#8221; bg_slider=&#8221;off&#8221; bg_slider_size=&#8221;full&#8221; css=&#8221;.vc_custom_1738591948075{margin-top: 20px !important;margin-bottom: 20px !important;}&#8221;][vc_column][vc_column_text css=&#8221;&#8221;]<\/p>\n<h3 style=\"text-align: center;\">Muzsik Fodr\u00e1szat \u2013 A St\u00edlus \u00e9s Sz\u00edn Harm\u00f3ni\u00e1ja<\/h3>\n<p>A Muzsik Fodr\u00e1szat egy olyan hely, ahol a szak\u00e9rtelem \u00e9s a kreativit\u00e1s tal\u00e1lkozik, hogy minden vend\u00e9g\u00fcnk sz\u00e1m\u00e1ra a legmegfelel\u0151bb frizur\u00e1t alkossuk meg. Ketten, testv\u00e9rekk\u00e9nt \u00e9s szakmabelik\u00e9nt, egy k\u00f6z\u00f6s szenved\u00e9lyt k\u00f6vet\u00fcnk: a vend\u00e9geink legjobb form\u00e1j\u00e1nak megalkot\u00e1s\u00e1t.<\/p>\n<p>Edina coloristk\u00e9nt a hajsz\u00ednek vil\u00e1g\u00e1ban mozog otthonosan, ahol a precizit\u00e1s \u00e9s az egy\u00e9ni \u00e1rnyalatok megalkot\u00e1sa a f\u0151 c\u00e9lja, sz\u00e1m\u00e1ra a hajfest\u00e9s m\u0171v\u00e9szet.<\/p>\n<p>Tibor a hajv\u00e1g\u00e1s mestere, aki n\u0151i \u00e9s f\u00e9rfi frizur\u00e1kat form\u00e1z a t\u00f6k\u00e9letess\u00e9g jegy\u00e9ben, \u00e9s arra t\u00f6rekszik, hogy minden vend\u00e9g a legjobban \u00e9rezze mag\u00e1t a saj\u00e1t st\u00edlus\u00e1ban.<\/p>\n<p>Ketten egy\u00fctt dolgozunk azon, hogy minden vend\u00e9g\u00fcnk sz\u00e1m\u00e1ra egyedi, szem\u00e9lyre szabott megold\u00e1sokat ny\u00fajtsunk.<\/p>\n<p>Nemcsak a szalon falai k\u00f6z\u00f6tt alkotunk egy\u00fctt, hanem t\u00f6bb mint 20 \u00e9ve oktat\u00f3k\u00e9nt is akt\u00edvan r\u00e9szt vesz\u00fcnk a szakma fejl\u0151d\u00e9s\u00e9ben. (2005 \u00f3ta) k\u00fcl\u00f6nb\u00f6z\u0151 fodr\u00e1szati c\u00e9gekn\u00e9l (Schwarzkopf, Selective) tartottunk bemutat\u00f3kat \u00e9s k\u00e9pz\u00e9seket, megosztva tapasztalatainkat \u00e9s tud\u00e1sunkat a leg\u00fajabb technik\u00e1kr\u00f3l \u00e9s trendekr\u0151l.<\/p>\n<p>Jelenleg a DEMERAL olasz m\u00e1rka hivatalos oktat\u00f3 fodr\u00e1szai vagyunk, \u00edgy tov\u00e1bb b\u0151v\u00edtve szakmai tapasztalatunkat \u00e9s tud\u00e1sunkat a legmagasabb szint\u0171 haj\u00e1pol\u00e1s \u00e9s sz\u00edntechnika ter\u00fclet\u00e9n.<\/p>\n<div>\n<p>A Muzsik Fodr\u00e1szatban a t\u00f6k\u00e9letes frizura k\u00f6z\u00f6s munka: a sz\u00ednek \u00e9s a form\u00e1k harm\u00f3ni\u00e1j\u00e1t teremtj\u00fck meg, hogy vend\u00e9geink magabiztosan \u00e9s el\u00e9gedetten t\u00e1vozzanak.<\/p>\n<\/div>\n<p>[\/vc_column_text][\/vc_column][\/vc_row]<\/p>\n<\/div>","protected":false},"excerpt":{"rendered":"<p>[vc_row bg_parallax=&#8221;off&#8221; bg_slider=&#8221;off&#8221; bg_slider_size=&#8221;full&#8221; css=&#8221;.vc_custom_1738591948075{margin-top: 20px !important;margin-bottom: 20px !important;}&#8221;][vc_column][vc_column_text css=&#8221;&#8221;] Muzsik Fodr\u00e1szat \u2013 A St\u00edlus \u00e9s Sz\u00edn Harm\u00f3ni\u00e1ja A Muzsik Fodr\u00e1szat egy olyan hely, ahol a szak\u00e9rtelem \u00e9s a kreativit\u00e1s [&hellip;]<\/p>\n","protected":false},"author":1,"featured_media":0,"parent":0,"menu_order":0,"comment_status":"closed","ping_status":"closed","template":"","meta":[],"_links":{"self":[{"href":"https:\/\/www.muzsik.hu\/index.php\/wp-json\/wp\/v2\/pages\/25"}],"collection":[{"href":"https:\/\/www.muzsik.hu\/index.php\/wp-json\/wp\/v2\/pages"}],"about":[{"href":"https:\/\/www.muzsik.hu\/index.php\/wp-json\/wp\/v2\/types\/page"}],"author":[{"embeddable":true,"href":"https:\/\/www.muzsik.hu\/index.php\/wp-json\/wp\/v2\/users\/1"}],"replies":[{"embeddable":true,"href":"https:\/\/www.muzsik.hu\/index.php\/wp-json\/wp\/v2\/comments?post=25"}],"version-history":[{"count":30,"href":"https:\/\/www.muzsik.hu\/index.php\/wp-json\/wp\/v2\/pages\/25\/revisions"}],"predecessor-version":[{"id":2276,"href":"https:\/\/www.muzsik.hu\/index.php\/wp-json\/wp\/v2\/pages\/25\/revisions\/2276"}],"wp:attachment":[{"href":"https:\/\/www.muzsik.hu\/index.php\/wp-json\/wp\/v2\/media?parent=25"}],"curies":[{"name":"wp","href":"https:\/\/api.w.org\/{rel}","templated":true}]}}